 3. Give p(i).
1
Let k(b) = -b**2 + 7*b - 19. Let w = -1010 + 1015. What is k(w)?
-9
Let b = 480 + -487. Let m(w) = 2*w**3 + 14*w**2 + w + 8. Calculate m(b).
1
Let x be ((-2)/(2/3))/(-1). Let v(n) = -25 + 2*n + 90 - 37 - 24. Give v(x).
10
Suppose 2 = -4*u + 18. Let q be u/10*40/8. Let w(g) = -2*g**3 + 2*g**2 + 3*g - 3. Calculate w(q).
-5
Let p = 91 + -91. Let r(d) be the first derivative of d**6/360 + d**5/120 + d**4/12 - d**3/3 + 1. Let n(u) be the third derivative of r(u). Determine n(p).
2
Suppose -3*g = -5*q - 0*q - 116, -151 = -3*g - 2*q. Let t(s) = g*s**2 + 3*s - 48*s**2 + 5 + 1. Let o = 1 + 4. What is t(o)?
-4
Suppose -2*a + 3*d - 2 = 0, a - 5*d + 1 = -7*d. Let q(y) = 7*y - 1. Calculate q(a).
-8
Let c(t) = -6*t + 21. Let l be c(4). Let r be ((-12)/l + -5)*-3. Let s(o) be the second derivative of o**5/20 - 5*o**4/12 + o**3/2 + o**2/2 + o. Determine s(r).
-8
Let k(l) be the third derivative of -l**4/24 + 2*l**3/3 + 462*l**2. Give k(-6).
10
Let m(b) = -b**3 + 7*b**2 - 6*b - 6. Let n be 0*3*4/24. Suppose n = -2*r + 3*x + 27, -2*r + 0*r - 4*x - 8 = 0. Give m(r).
-6
Suppose 5 = -4*k - 15. Let y(u) be the first derivative of -u**3/3 - 2*u**2 + 4*u - 380. What is y(k)?
-1
Let t(g) = 66*g - 2 + g**3 - 82*g - 8*g**2 + 15*g. Give t(8).
-10
Let u(b) = 2*b - 18. Suppose -32*l + 140 = -12*l. Determine u(l).
-4
Let n(v) = -3*v**2 + 7*v - 1. Let d(y) = -y**2 + y. Suppose -3 = a - 1. Let f(h) = a*d(h) + n(h). Calculate f(2).
5
Let m(v) = 9*v + 35. Let q(k) = -17*k - 68. Let s(y) = -11*m(y) - 6*q(y). Give s(-10).
-7
Let z(h) = 5*h + 1. Let a(i) = 31*i - 2. Let t(m) = a(m) - 6*z(m). Give t(4).
-4
Let q(k) = 2324*k**2 - 2326*k**2 - 5 + 6 - k. What is q(2)?
-9
Let i(y) = y + 2. Let n(h) = h + 15 - 6 + 3. Let g be n(-7). Let k be 2/(g/((-60)/8)). What is i(k)?
-1
Let a(q) = -q**2 + 10*q - 7. Let k be a(9). Suppose 2*l = -k*l. Suppose l = -4*n - 2 - 6. Let r(i) = i**3 + 4*i**2 + 4*i + 2. What is r(n)?
2
Suppose 163*m = 154*m + 171. Let s(x) = -2*x + 25. Determine s(m).
-13
Let n(o) be the second derivative of -2*o**4/3 - o. Let r be ((-3)/(-2) - 1)*-30. Let k be (-5)/r*(0 - -3). Calculate n(k).
-8
Let p be 1 - 2 - (-1 - -1). Let m(j) be the first derivative of -7 + 5/2*j**4 - j - j**2 - 2/3*j**3. Determine m(p).
-11
Let d(t) = -t - 8. Let b(v) = 1. Let k(r) = -b(r) + d(r). Calculate k(-3).
-6
Let g(y) = -y**3 + 5*y**2 - y - 5. Let p be -6*-2*(-1)/2. Let b = -1 - p. What is g(b)?
-10
Let p(n) = -n**3 + n**2 + 2*n. Let o(w) = w**3 + 8*w**2 + 7*w + 4. Let v be o(-7). Let l be (0 - 1) + v + 1. Let d = l + -2. What is p(d)?
0
Let y(z) = z**3 + 4*z**2 - z + 1. Let g(w) = -2*w**3 + 13*w**2 + 26*w - 18. Let f be g(8). Give y(f).
11
Let d(k) be the first derivative of 1/3*k**3 - 4*k + 0*k**2 + 7. Determine d(-4).
12
Suppose 0 = 22*n + 3*n - 175. Let w(j) = -j**3 + 6*j**2 + 6*j - 2. Determine w(n).
-9
Let r(q) = 7*q - 7. Let a(n) = -n + 1. Let y(x) = 6*a(x) + r(x). Let z(c) = -c**2 + 4*c + 5 + 10*c - 6*c. Let d be z(8). What is y(d)?
4
Let t(c) = -c**2 - 8*c - 7. Let l = 29 - 21. Let f = l - 15. What is t(f)?
0
Suppose 2*t + 4*w - 20 = -2*t, -t - 5*w = -9. Let d(x) = x**2 - 7*x - 9. Calculate d(t).
-21
Let q(z) = 7*z - 2 + z**2 - 2*z - z. Let i(w) = 372 - 36*w - 3*w - 11*w - 423 - 2*w**2. Let l be i(-24). What is q(l)?
-5
Let w(z) = -1 - 200*z**3 + z**2 + 103*z**3 + 101*z**3. Give w(1).
4
Suppose 624 = 13*v - 0*v. Let f(j) = 94 - 49 - j - v + 4*j. What is f(6)?
15
Suppose f = -1 + 3. Let p(u) be the first derivative of -u**4/4 + u**3/3 - 3*u**2/2 + 2*u + 2612. Give p(f).
-8
Let w(m) = -11*m + 6 - 14*m - 10*m + 36*m. Determine w(7).
13
Let t(g) = g - 3. Suppose -2*j = -0*m + 5*m - 77, -4*m + 88 = -5*j. Suppose -9*v + m*v + 32 = 0. Determine t(v).
-7
Let p(y) = -3*y**3 - 20*y**2 + 6*y - 6. Let i be p(-7). Let a be -12 + (-6 - -14) + (0 - i). Let o(z) = -z**3 - 6*z**2 - 4*z + 5. What is o(a)?
0
Let i = 21070/15807 + 2/5269. Let j(x) be the second derivative of -i*x**3 + 0 + 10*x - 1/12*x**4 + 3/2*x**2. Calculate j(-8).
3
Let d(x) = -4*x**2 + 24*x - 10. Let q(h) = 7*h**2 - 46*h + 20. Let b(g) = -5*d(g) - 3*q(g). What is b(17)?
7
Let m(q) be the first derivative of -1 + 1/4*q**4 - 5*q - 4/3*q**3 + 1/2*q**2. Calculate m(4).
-1
Let b(l) be the second derivative of -2/3*l**4 + 1/6*l**3 - 1/2*l**2 - 7*l + 0. Suppose 3*i + i - 4 = 0. Determine b(i).
-8
Let y(d) = d**2 + 5*d + 4. Suppose -4*u - 8 = 2*p - p, -6 = -2*p + 3*u. Let h(a) = -a**2 - 4. Let w be h(p). Determine y(w).
0
Let c(q) = -q**2 - 11*q - 16. Let k(b) = 6*b**2 + 56*b + 79. Let j(r) = -11*c(r) - 2*k(r). Let n be j(11). Let m(i) = -5*i + 5. Give m(n).
25
Let c = 89 + -87. Let y(r) = -2*r - 4 + 1 + 16*r**2 - 14*r**c. Give y(-3).
21
Let f be 30/5*1/(-3). Let t(u) = 6*u - 1. Determine t(f).
-13
Let x = -66 + 64. Let k(f) = -2*f**2 - 3*f - 3. Give k(x).
-5
Suppose 38 = -2*g - 2*s, 0*g + s - 23 = g. Let r = -19 - g. Let t(o) = -3*o**2 + 9*o - r*o + o**2 - 6*o - 2. What is t(2)?
-8
Let f(z) = z - 2. Let l = 350 + -350. Let m(h) = h**2 + 5*h + 4. Let x be m(-5). Let c = l + x. Give f(c).
2
Let t = 33 - 57. Let z be 6/4*16/t. Let k = 0 + z. Let l(q) = q**2. Calculate l(k).
1
Let l(f) be the third derivative of f**5/20 - f**4/4 - 2*f**3/3 - 4*f**2 - 42*f. Calculate l(5).
41
Let x(r) = 5*r**3 + 2*r**2. Let w be (-46)/92*(-15 + 1) - 9. Give x(w).
-32
Let i be (4/(-16)*6)/((-3)/2). Let w(m) = 10*m**2 + 6*m + 1 - 3*m - 5*m. Determine w(i).
9
Let x(b) = 4*b - 5*b + 0*b - b**2. Let a(z) = 75*z - 523. Let t be a(7). Calculate x(t).
-6
Let b(w) = 3*w**3 - 1. Suppose -5*i = 2*u + 1, 0 = -4*i + i - u. Let l be b(i). Let d(h) = -2 + 2*h**2 + 4 - 3*h**l + 2*h. Calculate d(3).
-1
Suppose 8 = 311*z - 313*z. Let l(s) = -2*s + 9. Let p(x) = -1. Let f(y) = z*p(y) - l(y). Give f(6).
7
Let w(p) = -2*p - 8. Let k(v) = 4*v - 3. Let y(z) = z**2 + 21*z - 15. Let o(t) = 11*k(t) - 2*y(t). Let m be o(2). Calculate w(m).
6
Let b(l) = -l**2 + l + 3. Let i(o) = -3*o**2 + 22*o + 19. Let g be i(8). Calculate b(g).
-3
Let m(h) be the first derivative of h**4/4 - 2*h**3/3 + 3*h**2/2 - 3*h + 473. Give m(4).
41
Let u(t) = 2*t**3 - 2*t**2 + 4*t + 14. Let d(y) = -y**3 - y**2 - 2*y - 2. Let g(x) = -3*d(x) - u(x). Determine g(-4).
0
Let n(p) = -p**3 - 3*p**2 - p. Let s = -204 - -213. Let w be (0 + -6)*3*-1. Let q be s/15 + w/(-5). Determine n(q).
3
Let c be (-2)/5 - (-144)/(-15). Let m(z) be the first derivative of -z**2 - 12*z - 357. Give m(c).
8
Let d(j) be the third derivative of -j**5/60 + j**4/2 + 5*j**3/3 - 12*j**2 - 3*j. What is d(12)?
10
Let m(j) be the third derivative of -j**5/60 - j**3/2 + 615*j**2. Determine m(0).
-3
Suppose 0 = l + 3*y - 26, y + y + 23 = 3*l. Suppose -w - l = 2*m, 5*w = 2*m - m - 11. Let r(b) = -b**2 - 3*b + 5. Give r(m).
1
Suppose 0 = 4*g - 3*x - 1 - 18, 25 = 5*g - 5*x. Suppose -5*h + 25 = -5*s, h + g*s - 3 = -13. Let z(o) = -2*o**3 + 3*o**2 - o + 1. Give z(h).
-5
Let d(o) = -38*o**2 + 17*o + 17. Let q(c) = 13*c**2 - 6*c - 6. Let h = -80 - -63. Let u(k) = h*q(k) - 6*d(k). What is u(1)?
7
Let c(m) = -m**3 - m**2 - 1. Suppose 3*g + 6 = 4*g. Let d be (-1)/(g/4)*3. Determine c(d).
3
Let o(v) = -2*v - 5. Suppose 2*l - 5 = -x, 0 = 4*l - 5*x - 10 - 35. Suppose 0 = -l*m + 29 - 49. Calculate o(m).
3
Let k(a) = -7*a**3 - a**2 - a - 1. Let w be ((-3)/6 - 0)*-2. Let z(q) = -q - 3*q + 3*q + w + 2*q. Let j be z(-2). Calculate k(j).
6
Suppose 6 = 5*h - 19. Suppose -16 = 3*g + h*y, -3*g + 3*y + 24 = -0*y. Let t(i) = 0*i**2 + 4*i**3 + 5 - 4*i + i**2 + 4*i**2 - 5*i**g. What is t(5)?
-15
Suppose -273 = -250*z + 229*z. Let q(a) be the first derivative of 2*a**3 + a + 1/4*a**4 + 2*a**2 - z. What is q(-4)?
17
Suppose 4*s + 3*g = 5 + 29, -g = 2*s - 16. Let r be (0 + -1)*7/s. Let l(o) = -5*o**2 - o. Give l(r).
-4
Let a(x) be the second derivative of x**5/20 - x**4/4 - 2*x**3/3 - 3*x**2/2 - 541*x. What is a(4)?
-3
Let a(n) = 2 + n**3 + 1 + 28*n**2 + 10*n - 9*n**2 - 12*n**2. Let r be a(-5). Let m(g) = -3 + 3*g**3 - 14*g**3 + 12*g**3 - r*g**2 - g. What is m(3)?
-6
Let o(h) be the first derivative of -h**5/20 + 5*h**4/12 + h**3/6 + h**2/2 + 12*h - 21. Let c(p) be the first derivative of o(p). Determine c(5).
6
Let i(p) = -2*p**2 + p. Let b(w) = -w**3 - 11*w**2 - 13*w - 6. Let f(o) = -b(o) - i(o). What is f(-12)?
6
Let a(w) be the second derivative of -13*w